{"id":399,"date":"2021-11-16T17:51:23","date_gmt":"2021-11-16T17:51:23","guid":{"rendered":"https:\/\/domoprestige.com\/blog\/?post_type=product&#038;p=399"},"modified":"2025-12-08T14:52:09","modified_gmt":"2025-12-08T14:52:09","slug":"thermostat-24v","status":"publish","type":"product","link":"https:\/\/domoprestige.com\/blog\/product\/thermostat-24v\/","title":{"rendered":"Thermostat 24V (Control4) &#8211; TH1400ZB-C4"},"content":{"rendered":"","protected":false},"excerpt":{"rendered":"<h4 class=\"product-feature-bold product-feature-bold-2 move-left\">Un thermostat sophistiqu\u00e9 sans compromis<\/h4>\n<p class=\"product-feature-normal product-feature-normal-2 move-left\">Des lignes pures, un design simple et une finition de haute qualit\u00e9.<\/p>\n<ul class=\"product-feature-list move-left\">\n<li class=\"active\">\n<p class=\"product-feat-ttl\"><strong>Double contr\u00f4le pour plus de confort<\/strong><\/p>\n<p class=\"product-feat-desc\">Contr\u00f4lez un syst\u00e8me de chauffage auxiliaire avec le m\u00eame thermostat.<\/p>\n<\/li>\n<li class=\"\">\n<p class=\"product-feat-ttl\"><strong>Le plancher ou l\u2019air ambiant?<\/strong><\/p>\n<p class=\"product-feat-desc\">\u00c0 vous de choisir la temp\u00e9rature que vous contr\u00f4lez.<\/p>\n<\/li>\n<li class=\"\">\n<p class=\"product-feat-ttl\"><strong>La m\u00e9t\u00e9o \u00e0 port\u00e9e de main<\/strong><\/p>\n<p class=\"product-feat-desc\">Voyez la temp\u00e9rature ext\u00e9rieure affich\u00e9e en temps r\u00e9el \u00e0 l\u2019\u00e9cran.<\/p>\n<\/li>\n<\/ul>\n<p><em>*Doit \u00eatre install\u00e9 par un sp\u00e9cialiste de la ventilation<\/em><\/p>\n","protected":false},"featured_media":440,"template":"","meta":[],"product_brand":[],"product_cat":[44],"product_tag":[],"class_list":{"0":"post-399","1":"product","2":"type-product","3":"status-publish","4":"has-post-thumbnail","6":"product_cat-bundle","8":"first","9":"instock","10":"taxable","11":"shipping-taxable","12":"purchasable","13":"product-type-simple"},"_links":{"self":[{"href":"https:\/\/domoprestige.com\/blog\/wp-json\/wp\/v2\/product\/399","targetHints":{"allow":["GET"]}}],"collection":[{"href":"https:\/\/domoprestige.com\/blog\/wp-json\/wp\/v2\/product"}],"about":[{"href":"https:\/\/domoprestige.com\/blog\/wp-json\/wp\/v2\/types\/product"}],"wp:featuredmedia":[{"embeddable":true,"href":"https:\/\/domoprestige.com\/blog\/wp-json\/wp\/v2\/media\/440"}],"wp:attachment":[{"href":"https:\/\/domoprestige.com\/blog\/wp-json\/wp\/v2\/media?parent=399"}],"wp:term":[{"taxonomy":"product_brand","embeddable":true,"href":"https:\/\/domoprestige.com\/blog\/wp-json\/wp\/v2\/product_brand?post=399"},{"taxonomy":"product_cat","embeddable":true,"href":"https:\/\/domoprestige.com\/blog\/wp-json\/wp\/v2\/product_cat?post=399"},{"taxonomy":"product_tag","embeddable":true,"href":"https:\/\/domoprestige.com\/blog\/wp-json\/wp\/v2\/product_tag?post=399"}],"curies":[{"name":"wp","href":"https:\/\/api.w.org\/{rel}","templated":true}]}}