{"id":167,"date":"2021-11-18T16:11:11","date_gmt":"2021-11-18T16:11:11","guid":{"rendered":"https:\/\/domoprestige.com\/blog\/?post_type=product&#038;p=167"},"modified":"2022-02-02T21:21:02","modified_gmt":"2022-02-02T21:21:02","slug":"4sight","status":"publish","type":"product","link":"https:\/\/domoprestige.com\/blog\/product\/4sight\/","title":{"rendered":"4Sight"},"content":{"rendered":"<h2><img decoding=\"async\" class=\"alignnone size-medium wp-image-177 alignleft\" src=\"http:\/\/domoprestige.com\/blog\/wp-content\/uploads\/2021\/11\/4sight-300x300.jpg\" alt=\"\" width=\"300\" height=\"300\" srcset=\"https:\/\/domoprestige.com\/blog\/wp-content\/uploads\/2021\/11\/4sight-66x66.jpg 66w, https:\/\/domoprestige.com\/blog\/wp-content\/uploads\/2021\/11\/4sight-150x150.jpg 150w, https:\/\/domoprestige.com\/blog\/wp-content\/uploads\/2021\/11\/4sight-200x200.jpg 200w, https:\/\/domoprestige.com\/blog\/wp-content\/uploads\/2021\/11\/4sight-300x300.jpg 300w, https:\/\/domoprestige.com\/blog\/wp-content\/uploads\/2021\/11\/4sight-400x400.jpg 400w, https:\/\/domoprestige.com\/blog\/wp-content\/uploads\/2021\/11\/4sight-500x500.jpg 500w, https:\/\/domoprestige.com\/blog\/wp-content\/uploads\/2021\/11\/4sight-600x600.jpg 600w, https:\/\/domoprestige.com\/blog\/wp-content\/uploads\/2021\/11\/4sight-700x700.jpg 700w, https:\/\/domoprestige.com\/blog\/wp-content\/uploads\/2021\/11\/4sight-768x768.jpg 768w, https:\/\/domoprestige.com\/blog\/wp-content\/uploads\/2021\/11\/4sight.jpg 800w\" sizes=\"(max-width: 300px) 100vw, 300px\" \/> Si vous vivez dans une maison intelligente Control4, connectez-vous comme jamais auparavant !<\/h2>\n<p>Avec un abonnement annuel \u00e0 4Sight, vous tirerez le meilleur parti de votre maison intelligente avec une programmation personnalis\u00e9e par vous m\u00eame via le service When\/Then, l&rsquo;ajout de la fonction du contr\u00f4le vocal, la possibilit\u00e9 de recevoir des notifications ainsi que des appels par votre intercom et\/ou tablette Control4, et l&rsquo;acc\u00e8s mobile \u00e0 votre syst\u00e8me en dehors de votre r\u00e9seau wifi.<\/p>\n<p>&nbsp;<\/p>\n","protected":false},"excerpt":{"rendered":"<p>Si vous vivez dans une maison intelligente Control4, connectez-vous comme  [&#8230;]<\/p>\n","protected":false},"featured_media":168,"template":"","meta":[],"product_brand":[],"product_cat":[18],"product_tag":[],"class_list":{"0":"post-167","1":"product","2":"type-product","3":"status-publish","4":"has-post-thumbnail","6":"product_cat-licence","8":"first","9":"instock","10":"taxable","11":"shipping-taxable","12":"purchasable","13":"product-type-variable"},"_links":{"self":[{"href":"https:\/\/domoprestige.com\/blog\/wp-json\/wp\/v2\/product\/167","targetHints":{"allow":["GET"]}}],"collection":[{"href":"https:\/\/domoprestige.com\/blog\/wp-json\/wp\/v2\/product"}],"about":[{"href":"https:\/\/domoprestige.com\/blog\/wp-json\/wp\/v2\/types\/product"}],"wp:featuredmedia":[{"embeddable":true,"href":"https:\/\/domoprestige.com\/blog\/wp-json\/wp\/v2\/media\/168"}],"wp:attachment":[{"href":"https:\/\/domoprestige.com\/blog\/wp-json\/wp\/v2\/media?parent=167"}],"wp:term":[{"taxonomy":"product_brand","embeddable":true,"href":"https:\/\/domoprestige.com\/blog\/wp-json\/wp\/v2\/product_brand?post=167"},{"taxonomy":"product_cat","embeddable":true,"href":"https:\/\/domoprestige.com\/blog\/wp-json\/wp\/v2\/product_cat?post=167"},{"taxonomy":"product_tag","embeddable":true,"href":"https:\/\/domoprestige.com\/blog\/wp-json\/wp\/v2\/product_tag?post=167"}],"curies":[{"name":"wp","href":"https:\/\/api.w.org\/{rel}","templated":true}]}}